{"id":30,"date":"2026-03-25T11:26:02","date_gmt":"2026-03-25T11:26:02","guid":{"rendered":"https:\/\/www.luettgens.org\/?page_id=30"},"modified":"2026-03-25T11:34:52","modified_gmt":"2026-03-25T11:34:52","slug":"leistungen","status":"publish","type":"page","link":"https:\/\/www.luettgens.org\/?page_id=30","title":{"rendered":"Leistungen"},"content":{"rendered":"\n<p>Ich unterst\u00fctze Unternehmen bei der Umsetzung regulatorischer Anforderungen sowie beim Aufbau und der Weiterentwicklung von Umwelt- und Energiemanagementsystemen.<br>Mein Fokus liegt auf praxisnahen, umsetzbaren L\u00f6sungen f\u00fcr Industrie und Mittelstand.<\/p>\n\n\n\n<h2 class=\"wp-block-heading\">Umweltgutachter &amp; Audits<\/h2>\n\n\n\n<p>Durchf\u00fchrung von Umwelt- und Energieaudits sowie Umweltbetriebspr\u00fcfungen auf Basis normativer und gesetzlicher Anforderungen.<br>Zugelassener Umweltgutachter f\u00fcr die Zulassungsbereiche:<br>Gruppe 23.1, 23.7, 28.1 &amp; 28.2<\/p>\n\n\n\n<h2 class=\"wp-block-heading\">Umwelt- und Energiemanagement<\/h2>\n\n\n\n<p>Umweltbezogene Beratungsleistungen im Zusammenhang mit Umwelt- und Energiemanagementsystemen, insbesondere EMAS sowie ISO 14001 und ISO 50001.<\/p>\n\n\n\n<h2 class=\"wp-block-heading\">Projekte &amp; Interim Management<\/h2>\n\n\n\n<p>Environmental \/ EHS \/ ESG Due-Diligence-Untersuchungen als qualitative Bestands- und Risikobewertung (Screening auf Basis von Unterlagen, Historienrecherche und Ortsbegehung).<\/p>\n","protected":false},"excerpt":{"rendered":"<p>Ich unterst\u00fctze Unternehmen bei der Umsetzung regulatorischer Anforderungen sowie beim Aufbau und der Weiterentwicklung von Umwelt- und Energiemanagementsystemen.Mein Fokus liegt auf praxisnahen, umsetzbaren L\u00f6sungen f\u00fcr Industrie und Mittelstand. Umweltgutachter &amp; Audits Durchf\u00fchrung von Umwelt- und Energieaudits sowie Umweltbetriebspr\u00fcfungen auf Basis normativer und gesetzlicher Anforderungen.Zugelassener Umweltgutachter f\u00fcr die Zulassungsbereiche:Gruppe 23.1, 23.7, 28.1 &amp; 28.2 Umwelt- und&hellip;&nbsp;<\/p>\n","protected":false},"author":1,"featured_media":0,"parent":0,"menu_order":0,"comment_status":"closed","ping_status":"closed","template":"","meta":{"neve_meta_sidebar":"","neve_meta_container":"","neve_meta_enable_content_width":"","neve_meta_content_width":0,"neve_meta_title_alignment":"","neve_meta_author_avatar":"","neve_post_elements_order":"","neve_meta_disable_header":"","neve_meta_disable_footer":"","neve_meta_disable_title":"","footnotes":""},"class_list":["post-30","page","type-page","status-publish","hentry"],"_links":{"self":[{"href":"https:\/\/www.luettgens.org\/index.php?rest_route=\/wp\/v2\/pages\/30","targetHints":{"allow":["GET"]}}],"collection":[{"href":"https:\/\/www.luettgens.org\/index.php?rest_route=\/wp\/v2\/pages"}],"about":[{"href":"https:\/\/www.luettgens.org\/index.php?rest_route=\/wp\/v2\/types\/page"}],"author":[{"embeddable":true,"href":"https:\/\/www.luettgens.org\/index.php?rest_route=\/wp\/v2\/users\/1"}],"replies":[{"embeddable":true,"href":"https:\/\/www.luettgens.org\/index.php?rest_route=%2Fwp%2Fv2%2Fcomments&post=30"}],"version-history":[{"count":2,"href":"https:\/\/www.luettgens.org\/index.php?rest_route=\/wp\/v2\/pages\/30\/revisions"}],"predecessor-version":[{"id":39,"href":"https:\/\/www.luettgens.org\/index.php?rest_route=\/wp\/v2\/pages\/30\/revisions\/39"}],"wp:attachment":[{"href":"https:\/\/www.luettgens.org\/index.php?rest_route=%2Fwp%2Fv2%2Fmedia&parent=30"}],"curies":[{"name":"wp","href":"https:\/\/api.w.org\/{rel}","templated":true}]}}